51*s - 71. Let u be w(21). Let f = u + -506. List the prime factors of f.
2, 13, 19
Suppose 3*v - 5160 - 13290 = 0. Suppose -14*b - b = -v. List the prime factors of b.
2, 5, 41
Suppose -m + t + 4 = 0, 2*m + 10*t - 6*t = -10. Let a(b) = 1833*b**2. What are the prime factors of a(m)?
3, 13, 47
Let c = 4629 - 2071. What are the prime factors of c?
2, 1279
Let w = 24356 + -11247. List the prime factors of w.
13109
Let l = -10276 + 14962. Suppose 5*a - 5820 = -5*n, -14*a + 2*n + l = -10*a. What are the prime factors of a?
7, 167
Let t(l) = -l**3 - 13*l**2 + 38*l + 3. Let i be t(-22). Suppose -4*d - 783 = -i. What are the prime factors of d?
5, 137
Let g be (9 + -8)*(-2)/(6/(-21)). Suppose -q = g*q - 3336. What are the prime factors of q?
3, 139
Let g(r) = r**2 - 11*r + 16. Let f be g(10). Suppose -12*m + 252 = -f*m. Let u = m - -30. List the prime factors of u.
2, 3
Suppose -15*w + 27791 + 18750 = -75799. List the prime factors of w.
2, 2039
Let f = 107 + -62. Let c = f + -40. Suppose -5 - c = -2*j. List the prime factors of j.
5
Let u be ((-172)/(-129))/((-2)/6). What are the prime factors of (-1593)/(-4) - 3/u?
3, 7, 19
Suppose -7*b + 22 - 120 = 0. What are the prime factors of (-70)/(-245) - 14416/b?
2, 5, 103
Let f(g) = -g**3 + 2*g**2 + 5*g + 9265. List the prime factors of f(0).
5, 17, 109
Suppose -35*u = -355191 - 118849. What are the prime factors of u?
2, 1693
What are the prime factors of 14060/9 + (4225/225 - 19)?
2, 11, 71
Suppose 3*h + 4 + 11 = 0, -5*x + 120 = h. Let t = x + -25. Suppose t = w + w - 142. What are the prime factors of w?
71
Suppose -23454 = -k + 5*r, -3*k + r = k - 93778. What are the prime factors of k?
2, 5861
Let s = -43913 + 74681. List the prime factors of s.
2, 3, 641
Suppose 0 = 72*f - 77*f - 40, -4*f - 59968 = -4*h. List the prime factors of h.
2, 1873
Suppose 5*c + 501 = n + 2*n, 654 = 4*n - 2*c. Let a = 409 - n. What are the prime factors of a?
13, 19
Let t(b) = 15465*b - 128. What are the prime factors of t(3)?
13, 3559
Let u(p) be the first derivative of -1/4*p**4 + 4/3*p**3 - 17 - 1/2*p**2 - 7*p. List the prime factors of u(-3).
59
Suppose -4*p + 4*y = 8*y - 8, 24 = -4*p + 4*y. Let x = 1048 - 282. What are the prime factors of 1/(x/382 + 4/p)?
191
Let r be 232/87*(-1068)/(-1). Suppose 14*x - 10*x = r. What are the prime factors of x?
2, 89
Let h(f) = -f**3 - 3*f**2 - 2. Let s be h(-3). Let z be 9 - (-2 + (2 - s)). Suppose -39 = -8*d + z*d + 5*b, -5*d + 2*b = -126. List the prime factors of d.
2, 3
Suppose t - 32828 = -27041. List the prime factors of t.
3, 643
Let k(x) be the first derivative of x**3/3 - 2*x**2 + 6*x - 18. Let d be k(2). Suppose d*p + 202 = 3*p. List the prime factors of p.
2, 101
Suppose 7228 = 23*y + 5*p - 6610, y - 5*p = 586. What are the prime factors of y?
601
Let d = -2 - -2. Suppose 0 = 4*a - 5*i - 23, 3*a + 12*i - 3 = 11*i. Suppose d*z - 4*z = 20, -4*f + 614 = -a*z. What are the prime factors of f?
151
Let z(v) = 2*v**3 - 190*v**2 + 14*v + 313. What are the prime factors of z(96)?
20089
Let p = 28 + -18. Suppose -938 = -3*m + p. List the prime factors of m.
2, 79
Let u(b) = -8*b - 22. Let d(n) = -9*n - 22. Let y(k) = k**3 - 13*k**2 - 29*k - 20. Let t be y(15). Let x(w) = t*d(w) + 6*u(w). List the prime factors of x(-14).
2, 5
Suppose -21*n + 25*n = 344. Suppose -2*d = 3*z - 649, d - 567 = -3*z + n. List the prime factors of z.
3, 73
Suppose 3200 = -a + 8*a - 1686. List the prime factors of a.
2, 349
Let a(d) be the second derivative of 14*d - 2/3*d**3 - 2*d**2 - 1/3*d**4 + 0 - 1/4*d**5. What are the prime factors of a(-3)?
107
Suppose -p = 3*t - 80361 + 25007, 3*t - 55366 = 5*p. What are the prime factors of t?
2, 7, 659
List the prime factors of (-141584172)/(-1778) + (-6)/(-7).
2, 3, 7, 79
List the prime factors of (-2)/(1312716/(-54696) + 24).
2, 43, 53
Suppose y - 30 = -26. Suppose -4*i = 8 - 0, y*o = -5*i - 306. Let h = o + 159. List the prime factors of h.
5, 17
Suppose -12*t + 2014 = -5438. Let a = 1007 - t. List the prime factors of a.
2, 193
Suppose 63975 + 262549 = 11*a. What are the prime factors of a?
2, 41, 181
Let l = 20404 - 13684. List the prime factors of l.
2, 3, 5, 7
What are the prime factors of (-25)/((-150)/73596) - -9?
5, 491
Let t(g) = -29*g - 85. Let b be t(19). Let h = -236 - b. List the prime factors of h.
2, 5
Let s = 16382 - 6921. What are the prime factors of s?
9461
Suppose 12*k - 20 = -7 + 23. Let r(p) = 55*p**2 - p + 2. Let u be r(2). What are the prime factors of -6 + k + u/1?
7, 31
Let i = 432 + -96. Let o = 724 + i. What are the prime factors of o?
2, 5, 53
Let d(r) = 2*r**3 - 6*r**2 + 4*r + 11. Let u be d(-5). Let c = -2 - u. What are the prime factors of c?
11, 37
Let s(i) = i**2 + 21. Let y = -70 - -77. Suppose y*q - 104 = -q. List the prime factors of s(q).
2, 5, 19
Suppose 2*k = -2*k + 4*p - 28, 19 = -3*k + 5*p. Let y = k - -12. Suppose -y*j + 149 = v - 82, -3 = 3*v. List the prime factors of j.
2, 29
Suppose -7*m + 130188 = 4*m + 8*m. List the prime factors of m.
2, 3, 571
Suppose 3*c = -4*x + 20, 2*c - c - 8 = -2*x. Suppose c*s - 5*l = 1001, 5*l - 1242 = -5*s + 2*l. List the prime factors of s.
3, 83
Suppose -471*y = -368*y - 880238. List the prime factors of y.
2, 4273
Let l(n) = n**2 + n. Let v(c) = c**2 + 6*c + 4. Let t(i) = 6*l(i) - v(i). Let k be t(2). Let y = 57 - k. List the prime factors of y.
41
Let k = -13479 - -30988. List the prime factors of k.
17509
Let t(h) = 9*h**2 + 18*h - 32. Let x(s) = 4*s**2 + 9*s - 16. Let b(a) = -2*t(a) + 5*x(a). Let n be b(-9). Let g = n - -50. What are the prime factors of g?
5, 23
Suppose 6*s - 12*s = -42. Suppose 0 = 5*y - s*y. Suppose y = 4*l - 17 - 15. List the prime factors of l.
2
Let r = -62 - -176. Suppose -5*a - 4*w + r = 0, a + 3*w = -a + 47. What are the prime factors of a?
2, 11
Let h(t) = t**3 - 6*t**2 + 30*t + 29. What are the prime factors of h(23)?
2, 607
Let c(t) be the first derivative of 5*t**3 - 11*t**2/2 + 52*t + 59. List the prime factors of c(8).
2, 3, 7, 11
Suppose -3*x + 16392 = q, -11 = -2*q - 5. What are the prime factors of x?
3, 607
Suppose 461 = 3*f - 1573. Let j be 2*(-2)/(-12) + f/18. Let u = j - 18. What are the prime factors of u?
2, 5
Suppose 0 = -7*r + 8*r - 1. Suppose 2*p - r = 211. Let u = 149 - p. What are the prime factors of u?
43
Suppose 702 + 498 = 3*p. Suppose g + 31 - p = 0. What are the prime factors of g?
3, 41
Let p = -45095 + 70832. List the prime factors of p.
3, 23, 373
Suppose -4*r = 4*t + 408, 0 = r + 3*r - 4*t + 408. Let a = -29 - r. List the prime factors of a.
73
Let k(m) = 10 + 55*m + 24*m**2 - 2*m**2 - 48*m + 2*m**2 + 37*m**2. List the prime factors of k(-4).
2, 479
Let n be (-2 + 9 + -2)*(-38)/(-2). Suppose n*d + 2009 = 102*d. List the prime factors of d.
7, 41
Let z be ((-5)/(-8))/1*8. Let p be 9*(z - (-86)/(-18)). Suppose 4*h + p*s - 326 - 416 = 0, 0 = -2*h - 5*s + 383. List the prime factors of h.
2, 23
Let c(o) = -223*o**3 - o**2 + o + 1. Let z(n) = 2*n**2 + 8*n - 1. Let y be z(-4). List the prime factors of c(y).
2, 3, 37
Let w = 37673 - 20024. What are the prime factors of w?
3, 37, 53
Let f = -7242 + 10352. What are the prime factors of f?
2, 5, 311
Let w be 6/(-21) + 46/14. Let t be 4/(-5) - (-5 + (-10)/(-50)). Suppose 0 = -2*k + t*k + 6, 2*k = -w*h + 36. What are the prime factors of h?
2, 7
Let f(w) = w + 3. Let b be f(0). Suppose -2*s + 579 = 5*d, -454 = -2*d - 2*d + b*s. Suppose 0*o + 5*o - d = -5*l, 5*o = 5*l + 75. List the prime factors of o.
19
Suppose -n = 4*m - 19388, -5*m + 7672 = n - 16562. Suppose -14*c - 3*f - 977 = -15*c, -m = -5*c + 2*f. List the prime factors of c.
2, 11
Suppose 0 = 2*l - 2*w - 28, 4*w - 6*w + 32 = 4*l. Let j(g) = l - 1 - g**2 - 3*g - 11*g**3 + 5*g**3 + g. What are the prime factors of j(-3)?
2, 3, 7
Suppose -245 = p - 669. What are the prime factors of p?
2, 53
Let j(w) = -14*w**2 + 11*w + 17. Let i be j(7). Let z be (-18)/(-45) - i/(-5). Let u = -1 - z. What are the prime factors of u?
3, 13
Let j(h) = 11*h + 62. Let x be j(-6). What are the prime factors of (-2868)/8*x/6?
239
Let p = 615 + -266. Suppose 10*u = p - 169. List the prime factors of u.
2, 3
Suppose -9*a - 12 = -13*a. Suppose -2*h = a*h. Suppose h = 9*d - d - 1664. List the prime factors of d.
2, 13
Suppose -4*r + 5*h - 4179 = 0, -3*